{"id":1848,"date":"2024-12-15T21:49:47","date_gmt":"2024-12-15T20:49:47","guid":{"rendered":"https:\/\/korestudio.fr\/?page_id=1848"},"modified":"2026-03-10T10:43:34","modified_gmt":"2026-03-10T09:43:34","slug":"formation-pilates-matwork-2","status":"publish","type":"page","link":"https:\/\/korestudio.fr\/index.php\/formation-pilates-matwork-2\/","title":{"rendered":"PILATES MODULE INTERM\u00c9DIAIRE: MATWORK 2"},"content":{"rendered":"\n<div style=\"height:20px\" aria-hidden=\"true\" class=\"wp-block-spacer\"><\/div>\n\n\n\n<figure class=\"wp-block-gallery has-nested-images columns-default is-cropped wp-block-gallery-1 is-layout-flex wp-block-gallery-is-layout-flex\">\n<figure class=\"wp-block-image size-large\"><img loading=\"lazy\" decoding=\"async\" width=\"1024\" height=\"1024\" data-id=\"3300\" src=\"https:\/\/korestudio.fr\/wp-content\/uploads\/2026\/01\/reminder-7-1024x1024.png\" alt=\"\" class=\"wp-image-3300\" srcset=\"https:\/\/korestudio.fr\/wp-content\/uploads\/2026\/01\/reminder-7-1024x1024.png 1024w, https:\/\/korestudio.fr\/wp-content\/uploads\/2026\/01\/reminder-7-300x300.png 300w, https:\/\/korestudio.fr\/wp-content\/uploads\/2026\/01\/reminder-7-150x150.png 150w, https:\/\/korestudio.fr\/wp-content\/uploads\/2026\/01\/reminder-7-768x768.png 768w, https:\/\/korestudio.fr\/wp-content\/uploads\/2026\/01\/reminder-7.png 1080w\" sizes=\"(max-width: 1024px) 100vw, 1024px\" \/><\/figure>\n<\/figure>\n\n\n\n\n\n\n\n<p><strong>Prochaines dates<\/strong><\/p>\n\n\n\n<p>13,14 et 15 AVRIL 2026<\/p>\n\n\n\n<p><strong>Pr\u00e9-requis<\/strong><\/p>\n\n\n\n<p>Avoir suivi un module de formation Pilates d\u00e9butant Matwork I.<\/p>\n\n\n\n<p><strong>Public<\/strong><\/p>\n\n\n\n<p>\u00c9ducateur sportif, C.Q.P, Entra\u00eeneur, Animateur sportif, Personal Trainer &#8211; Coach, Professionnel de la Sant\u00e9, Professeur de danse ou d\u2019\u00e9ducation physique<\/p>\n\n\n\n<p><strong>Objectifs p\u00e9dagogiques<\/strong><\/p>\n\n\n\n<p>Acqu\u00e9rir les comp\u00e9tences n\u00e9cessaires pour concevoir et animer des s\u00e9ances de niveau interm\u00e9diaire, en individuel ou en groupe, en int\u00e9grant l&rsquo;utilisation de petits accessoires.<\/p>\n\n\n\n<p><br><strong>Contenu de la formation<\/strong><\/p>\n\n\n\n<p><strong>Ma\u00eetrise des exercices de niveau interm\u00e9diaire<\/strong> :<\/p>\n\n\n\n<ul class=\"wp-block-list\">\n<li>\u00c9tude d\u00e9taill\u00e9e des exercices sp\u00e9cifiques au niveau interm\u00e9diaire, incluant leurs objectifs, mouvements, muscles sollicit\u00e9s, et variations adapt\u00e9es.<\/li>\n\n\n\n<li>Apprentissage des transitions fluides entre les exercices pour renforcer la fluidit\u00e9 et la coordination.<\/li>\n\n\n\n<li>Exploration des principes fondamentaux du Pilates appliqu\u00e9s aux exercices interm\u00e9diaires.<\/li>\n<\/ul>\n\n\n\n<p><strong>Utilisation d&rsquo;accessoires<\/strong> :<\/p>\n\n\n\n<ul class=\"wp-block-list\">\n<li>Int\u00e9gration d\u2019accessoires tels que le petit ballon, le gros ballon, le magic circle, le foam roller et les balles lest\u00e9es pour enrichir les s\u00e9ances.<\/li>\n\n\n\n<li>Approche pratique pour adapter et intensifier les mouvements avec ces outils.<\/li>\n<\/ul>\n\n\n\n<p><strong>Dur\u00e9e&nbsp;<\/strong><\/p>\n\n\n\n<p>21h de formation \/ 10h de pratique<\/p>\n\n\n\n<p><strong>P\u00e9dagogie<\/strong><\/p>\n\n\n\n<p>Avant la formation, un \u00e9change avec la formatrice permet d\u2019organiser votre parcours, d\u2019analyser vos besoins, de valider vos objectifs et le programme, ainsi que de g\u00e9rer les aspects administratifs et financiers.<\/p>\n\n\n\n<p><strong>Apprentissage th\u00e9orique :<\/strong><\/p>\n\n\n\n<p>Pr\u00e9sentations des principes fondamentaux du Pilates interm\u00e9diaire et des exercices sp\u00e9cifiques.<\/p>\n\n\n\n<p><strong>D\u00e9monstrations pratiques :<\/strong><\/p>\n\n\n\n<p>D\u00e9monstrations par l\u2019instructeur des exercices interm\u00e9diaires avec et sans accessoires et Analyse posturale et corrections en temps r\u00e9el pour favoriser une compr\u00e9hension approfondie des mouvements.<\/p>\n\n\n\n<p><strong>Pratique supervis\u00e9e :<\/strong><\/p>\n\n\n\n<p>Sessions o\u00f9 les participants r\u00e9alisent les exercices sous observation et re\u00e7oivent des retours pr\u00e9cis.<\/p>\n\n\n\n<p><strong>Construction de cours :<\/strong><\/p>\n\n\n\n<p>Ateliers pratiques pour concevoir et structurer des s\u00e9ances individuelles ou collectives.<\/p>\n\n\n\n<p>Int\u00e9gration progressive des accessoires et des transitions fluides dans les cours.<\/p>\n\n\n\n<p><strong>Approches p\u00e9dagogiques interactives :<\/strong><\/p>\n\n\n\n<p>Discussions de groupe et Utilisation de supports p\u00e9dagogiques (manuels, vid\u00e9os) pour renforcer l\u2019apprentissage.<\/p>\n\n\n\n<p><strong>Validation<\/strong><\/p>\n\n\n\n<p>10h de pratique valid\u00e9es<\/p>\n\n\n\n<p>Obtention de l&rsquo;attestation de formation conditionn\u00e9e \u00e0 la r\u00e9ussite d&rsquo;un QCM&nbsp;<\/p>\n\n\n\n<p><strong>Tarifs<\/strong><\/p>\n\n\n\n<p>560\u20ac en auto-financement<\/p>\n\n\n\n<p>685\u20ac avec prise en charge<\/p>\n\n\n\n<p>Les 10h de pratique sont en suppl\u00e9ment. Elles peuvent \u00eatre effectu\u00e9es dans le studio de votre choix (demande d\u2019attestation). <\/p>\n\n\n\n<p><strong>Contact<\/strong><\/p>\n\n\n\n<p>Julie Moryousef-Fontaine 07.57.12.73.63 &#8211; contact@korestudio.fr<\/p>\n","protected":false},"excerpt":{"rendered":"<p>Prochaines dates 13,14 et 15 AVRIL 2026 Pr\u00e9-requis Avoir suivi un module de formation Pilates d\u00e9butant Matwork I. Public \u00c9ducateur sportif, C.Q.P, Entra\u00eeneur, Animateur sportif, Personal Trainer &#8211; Coach, Professionnel de la Sant\u00e9, Professeur de danse ou d\u2019\u00e9ducation physique Objectifs p\u00e9dagogiques Acqu\u00e9rir les comp\u00e9tences n\u00e9cessaires pour concevoir et animer des s\u00e9ances de niveau interm\u00e9diaire, en [&hellip;]<\/p>\n","protected":false},"author":1,"featured_media":0,"parent":0,"menu_order":0,"comment_status":"closed","ping_status":"closed","template":"","meta":{"saved_in_kubio":true,"footnotes":""},"class_list":["post-1848","page","type-page","status-publish","hentry"],"kubio_ai_page_context":{"short_desc":"","purpose":"general"},"_links":{"self":[{"href":"https:\/\/korestudio.fr\/index.php\/wp-json\/wp\/v2\/pages\/1848","targetHints":{"allow":["GET"]}}],"collection":[{"href":"https:\/\/korestudio.fr\/index.php\/wp-json\/wp\/v2\/pages"}],"about":[{"href":"https:\/\/korestudio.fr\/index.php\/wp-json\/wp\/v2\/types\/page"}],"author":[{"embeddable":true,"href":"https:\/\/korestudio.fr\/index.php\/wp-json\/wp\/v2\/users\/1"}],"replies":[{"embeddable":true,"href":"https:\/\/korestudio.fr\/index.php\/wp-json\/wp\/v2\/comments?post=1848"}],"version-history":[{"count":13,"href":"https:\/\/korestudio.fr\/index.php\/wp-json\/wp\/v2\/pages\/1848\/revisions"}],"predecessor-version":[{"id":3524,"href":"https:\/\/korestudio.fr\/index.php\/wp-json\/wp\/v2\/pages\/1848\/revisions\/3524"}],"wp:attachment":[{"href":"https:\/\/korestudio.fr\/index.php\/wp-json\/wp\/v2\/media?parent=1848"}],"curies":[{"name":"wp","href":"https:\/\/api.w.org\/{rel}","templated":true}]}}

PILATES MODULE INTERMÉDIAIRE: MATWORK 2

<div style="height:20px" aria-hidden="true" class="wp-block-spacer"></div>



<figure class="wp-block-gallery has-nested-images columns-default is-cropped wp-block-gallery-1 is-layout-flex wp-block-gallery-is-layout-flex">
<figure class="wp-block-image size-large"><img loading="lazy" decoding="async" width="1024" height="1024" data-id="3300" src="https://korestudio.fr/wp-content/uploads/2026/01/reminder-7-1024x1024.png" alt="" class="wp-image-3300" srcset="https://korestudio.fr/wp-content/uploads/2026/01/reminder-7-1024x1024.png 1024w, https://korestudio.fr/wp-content/uploads/2026/01/reminder-7-300x300.png 300w, https://korestudio.fr/wp-content/uploads/2026/01/reminder-7-150x150.png 150w, https://korestudio.fr/wp-content/uploads/2026/01/reminder-7-768x768.png 768w, https://korestudio.fr/wp-content/uploads/2026/01/reminder-7.png 1080w" sizes="(max-width: 1024px) 100vw, 1024px" /></figure>
</figure>







<p><strong>Prochaines dates</strong></p>



<p>13,14 et 15 AVRIL 2026</p>



<p><strong>Pré-requis</strong></p>



<p>Avoir suivi un module de formation Pilates débutant Matwork I.</p>



<p><strong>Public</strong></p>



<p>Éducateur sportif, C.Q.P, Entraîneur, Animateur sportif, Personal Trainer &#8211; Coach, Professionnel de la Santé, Professeur de danse ou d’éducation physique</p>



<p><strong>Objectifs pédagogiques</strong></p>



<p>Acquérir les compétences nécessaires pour concevoir et animer des séances de niveau intermédiaire, en individuel ou en groupe, en intégrant l&rsquo;utilisation de petits accessoires.</p>



<p><br><strong>Contenu de la formation</strong></p>



<p><strong>Maîtrise des exercices de niveau intermédiaire</strong> :</p>



<ul class="wp-block-list">
<li>Étude détaillée des exercices spécifiques au niveau intermédiaire, incluant leurs objectifs, mouvements, muscles sollicités, et variations adaptées.</li>



<li>Apprentissage des transitions fluides entre les exercices pour renforcer la fluidité et la coordination.</li>



<li>Exploration des principes fondamentaux du Pilates appliqués aux exercices intermédiaires.</li>
</ul>



<p><strong>Utilisation d&rsquo;accessoires</strong> :</p>



<ul class="wp-block-list">
<li>Intégration d’accessoires tels que le petit ballon, le gros ballon, le magic circle, le foam roller et les balles lestées pour enrichir les séances.</li>



<li>Approche pratique pour adapter et intensifier les mouvements avec ces outils.</li>
</ul>



<p><strong>Durée&nbsp;</strong></p>



<p>21h de formation / 10h de pratique</p>



<p><strong>Pédagogie</strong></p>



<p>Avant la formation, un échange avec la formatrice permet d’organiser votre parcours, d’analyser vos besoins, de valider vos objectifs et le programme, ainsi que de gérer les aspects administratifs et financiers.</p>



<p><strong>Apprentissage théorique :</strong></p>



<p>Présentations des principes fondamentaux du Pilates intermédiaire et des exercices spécifiques.</p>



<p><strong>Démonstrations pratiques :</strong></p>



<p>Démonstrations par l’instructeur des exercices intermédiaires avec et sans accessoires et Analyse posturale et corrections en temps réel pour favoriser une compréhension approfondie des mouvements.</p>



<p><strong>Pratique supervisée :</strong></p>



<p>Sessions où les participants réalisent les exercices sous observation et reçoivent des retours précis.</p>



<p><strong>Construction de cours :</strong></p>



<p>Ateliers pratiques pour concevoir et structurer des séances individuelles ou collectives.</p>



<p>Intégration progressive des accessoires et des transitions fluides dans les cours.</p>



<p><strong>Approches pédagogiques interactives :</strong></p>



<p>Discussions de groupe et Utilisation de supports pédagogiques (manuels, vidéos) pour renforcer l’apprentissage.</p>



<p><strong>Validation</strong></p>



<p>10h de pratique validées</p>



<p>Obtention de l&rsquo;attestation de formation conditionnée à la réussite d&rsquo;un QCM&nbsp;</p>



<p><strong>Tarifs</strong></p>



<p>560€ en auto-financement</p>



<p>685€ avec prise en charge</p>



<p>Les 10h de pratique sont en supplément. Elles peuvent être effectuées dans le studio de votre choix (demande d’attestation). </p>



<p><strong>Contact</strong></p>



<p>Julie Moryousef-Fontaine 07.57.12.73.63 &#8211; contact@korestudio.fr</p>

<p>Prochaines dates 13,14 et 15 AVRIL 2026 Pré-requis Avoir suivi un module de formation Pilates débutant Matwork I. Public Éducateur sportif, C.Q.P, Entraîneur, Animateur sportif, Personal Trainer &#8211; Coach, Professionnel de la Santé, Professeur de danse ou d’éducation physique Objectifs pédagogiques Acquérir les compétences nécessaires pour concevoir et animer des séances de niveau intermédiaire, en [&hellip;]</p>
