{"id":2725,"date":"2025-07-24T15:38:35","date_gmt":"2025-07-24T13:38:35","guid":{"rendered":"https:\/\/korestudio.fr\/?page_id=2725"},"modified":"2025-07-28T22:42:53","modified_gmt":"2025-07-28T20:42:53","slug":"pilates-reformer","status":"publish","type":"page","link":"https:\/\/korestudio.fr\/index.php\/pilates-reformer\/","title":{"rendered":"PILATES R\u00c9FORMER"},"content":{"rendered":"\n<p class=\"has-text-align-center\">D\u00e9couvrez le reformer, un appareil de Pilates r\u00e9volutionnaire qui offre une r\u00e9sistance vari\u00e9e pour un entra\u00eenement complet&nbsp;!<br><strong>Cette m\u00e9thode polyvalente travaille les muscles profonds en les allongeant, am\u00e9liore la souplesse et la coordination.<\/strong><\/p>\n\n\n\n<hr class=\"wp-block-separator has-alpha-channel-opacity\"\/>\n\n\n\n<p>Dur\u00e9e d\u2019un cours\u00a0: 55 minutes<\/p>\n\n\n\n<p><strong>Places disponibles\u00a0: 4 en cours collectifs semi-priv\u00e9<\/strong><\/p>\n\n\n\n<p>Cours accessibles avec des cartes de cours (2 cr\u00e9dits par cours) ou bien avec abonnements: <a href=\"https:\/\/korestudio.fr\/index.php\/tarifs-des-cours\/\" data-type=\"link\" data-id=\"https:\/\/korestudio.fr\/index.php\/tarifs-des-cours\/\" target=\"_blank\" rel=\"noreferrer noopener\">Tarifs<\/a><\/p>\n\n\n\n<p><strong>Pour des cours particuliers SOLO ou DUO,<\/strong> <strong><a href=\"https:\/\/korestudio.fr\/index.php\/cours-prives-coaching\/\" data-type=\"link\" data-id=\"https:\/\/korestudio.fr\/index.php\/cours-prives-coaching\/\">cliquez ici<\/a><\/strong><\/p>\n\n\n\n<p class=\"has-text-align-left\"><u>Important<\/u><br>Chaussettes antid\u00e9rapantes obligatoires. <\/p>\n\n\n\n<p class=\"has-text-align-left\"><strong>Politique d\u2019annulation de 24 heures<\/strong>&nbsp;: Pour toute annulation moins de 24h avant le d\u00e9but du cours, le cours sera factur\u00e9.<\/p>\n\n\n\n\n","protected":false},"excerpt":{"rendered":"<p>D\u00e9couvrez le reformer, un appareil de Pilates r\u00e9volutionnaire qui offre une r\u00e9sistance vari\u00e9e pour un entra\u00eenement complet&nbsp;!Cette m\u00e9thode polyvalente travaille les muscles profonds en les allongeant, am\u00e9liore la souplesse et la coordination. Dur\u00e9e d\u2019un cours\u00a0: 55 minutes Places disponibles\u00a0: 4 en cours collectifs semi-priv\u00e9 Cours accessibles avec des cartes de cours (2 cr\u00e9dits par cours) [&hellip;]<\/p>\n","protected":false},"author":1,"featured_media":0,"parent":0,"menu_order":0,"comment_status":"closed","ping_status":"closed","template":"","meta":{"saved_in_kubio":true,"footnotes":""},"class_list":["post-2725","page","type-page","status-publish","hentry"],"kubio_ai_page_context":{"short_desc":"","purpose":"general"},"_links":{"self":[{"href":"https:\/\/korestudio.fr\/index.php\/wp-json\/wp\/v2\/pages\/2725","targetHints":{"allow":["GET"]}}],"collection":[{"href":"https:\/\/korestudio.fr\/index.php\/wp-json\/wp\/v2\/pages"}],"about":[{"href":"https:\/\/korestudio.fr\/index.php\/wp-json\/wp\/v2\/types\/page"}],"author":[{"embeddable":true,"href":"https:\/\/korestudio.fr\/index.php\/wp-json\/wp\/v2\/users\/1"}],"replies":[{"embeddable":true,"href":"https:\/\/korestudio.fr\/index.php\/wp-json\/wp\/v2\/comments?post=2725"}],"version-history":[{"count":7,"href":"https:\/\/korestudio.fr\/index.php\/wp-json\/wp\/v2\/pages\/2725\/revisions"}],"predecessor-version":[{"id":2776,"href":"https:\/\/korestudio.fr\/index.php\/wp-json\/wp\/v2\/pages\/2725\/revisions\/2776"}],"wp:attachment":[{"href":"https:\/\/korestudio.fr\/index.php\/wp-json\/wp\/v2\/media?parent=2725"}],"curies":[{"name":"wp","href":"https:\/\/api.w.org\/{rel}","templated":true}]}}

PILATES RÉFORMER

<p class="has-text-align-center">Découvrez le reformer, un appareil de Pilates révolutionnaire qui offre une résistance variée pour un entraînement complet&nbsp;!<br><strong>Cette méthode polyvalente travaille les muscles profonds en les allongeant, améliore la souplesse et la coordination.</strong></p>



<hr class="wp-block-separator has-alpha-channel-opacity"/>



<p>Durée d’un cours : 55 minutes</p>



<p><strong>Places disponibles : 4 en cours collectifs semi-privé</strong></p>



<p>Cours accessibles avec des cartes de cours (2 crédits par cours) ou bien avec abonnements: <a href="https://korestudio.fr/index.php/tarifs-des-cours/" data-type="link" data-id="https://korestudio.fr/index.php/tarifs-des-cours/" target="_blank" rel="noreferrer noopener">Tarifs</a></p>



<p><strong>Pour des cours particuliers SOLO ou DUO,</strong> <strong><a href="https://korestudio.fr/index.php/cours-prives-coaching/" data-type="link" data-id="https://korestudio.fr/index.php/cours-prives-coaching/">cliquez ici</a></strong></p>



<p class="has-text-align-left"><u>Important</u><br>Chaussettes antidérapantes obligatoires. </p>



<p class="has-text-align-left"><strong>Politique d’annulation de 24 heures</strong>&nbsp;: Pour toute annulation moins de 24h avant le début du cours, le cours sera facturé.</p>

<p>Découvrez le reformer, un appareil de Pilates révolutionnaire qui offre une résistance variée pour un entraînement complet&nbsp;!Cette méthode polyvalente travaille les muscles profonds en les allongeant, améliore la souplesse et la coordination. Durée d’un cours : 55 minutes Places disponibles : 4 en cours collectifs semi-privé Cours accessibles avec des cartes de cours (2 crédits par cours) [&hellip;]</p>
