{"id":2813,"date":"2025-07-29T00:17:11","date_gmt":"2025-07-28T22:17:11","guid":{"rendered":"https:\/\/korestudio.fr\/?page_id=2813"},"modified":"2025-07-29T00:17:13","modified_gmt":"2025-07-28T22:17:13","slug":"cours-en-ligne","status":"publish","type":"page","link":"https:\/\/korestudio.fr\/index.php\/cours-en-ligne\/","title":{"rendered":"COURS EN LIGNE"},"content":{"rendered":"\n<div class=\"wp-block-columns is-layout-flex wp-container-core-columns-is-layout-28f84493 wp-block-columns-is-layout-flex\">\n<div class=\"wp-block-column is-layout-flow wp-block-column-is-layout-flow\"><\/div>\n\n\n\n<div class=\"wp-block-column is-layout-flow wp-block-column-is-layout-flow\">\n<p>Les cours de pilates visio ont lieu 2x par mois le vendredi \u00e0 14h30.<\/p>\n\n\n\n<p>Il faut s&rsquo;inscrire en ligne comme n&rsquo;importe quel autre cours pour r\u00e9server sa s\u00e9ance <a href=\"https:\/\/backoffice.bsport.io\/m\/Kor%C4%93%20Studio%20\/4176\/calendar\/?isPreview=true\" target=\"_blank\" rel=\"noreferrer noopener\">ICI<\/a><\/p>\n\n\n\n<p>Vous recevrez un lien zoom 15 min avant la s\u00e9ance. <\/p>\n\n\n\n<p>Tarif: 10 euros<\/p>\n<\/div>\n<\/div>\n","protected":false},"excerpt":{"rendered":"<p>Les cours de pilates visio ont lieu 2x par mois le vendredi \u00e0 14h30. Il faut s&rsquo;inscrire en ligne comme n&rsquo;importe quel autre cours pour r\u00e9server sa s\u00e9ance ICI Vous recevrez un lien zoom 15 min avant la s\u00e9ance. Tarif: 10 euros<\/p>\n","protected":false},"author":1,"featured_media":0,"parent":0,"menu_order":0,"comment_status":"closed","ping_status":"closed","template":"","meta":{"saved_in_kubio":false,"footnotes":""},"class_list":["post-2813","page","type-page","status-publish","hentry"],"kubio_ai_page_context":{"short_desc":"","purpose":"general"},"_links":{"self":[{"href":"https:\/\/korestudio.fr\/index.php\/wp-json\/wp\/v2\/pages\/2813","targetHints":{"allow":["GET"]}}],"collection":[{"href":"https:\/\/korestudio.fr\/index.php\/wp-json\/wp\/v2\/pages"}],"about":[{"href":"https:\/\/korestudio.fr\/index.php\/wp-json\/wp\/v2\/types\/page"}],"author":[{"embeddable":true,"href":"https:\/\/korestudio.fr\/index.php\/wp-json\/wp\/v2\/users\/1"}],"replies":[{"embeddable":true,"href":"https:\/\/korestudio.fr\/index.php\/wp-json\/wp\/v2\/comments?post=2813"}],"version-history":[{"count":1,"href":"https:\/\/korestudio.fr\/index.php\/wp-json\/wp\/v2\/pages\/2813\/revisions"}],"predecessor-version":[{"id":2815,"href":"https:\/\/korestudio.fr\/index.php\/wp-json\/wp\/v2\/pages\/2813\/revisions\/2815"}],"wp:attachment":[{"href":"https:\/\/korestudio.fr\/index.php\/wp-json\/wp\/v2\/media?parent=2813"}],"curies":[{"name":"wp","href":"https:\/\/api.w.org\/{rel}","templated":true}]}}

<div class="wp-block-columns is-layout-flex wp-container-core-columns-is-layout-28f84493 wp-block-columns-is-layout-flex">
<div class="wp-block-column is-layout-flow wp-block-column-is-layout-flow"></div>



<div class="wp-block-column is-layout-flow wp-block-column-is-layout-flow">
<p>Les cours de pilates visio ont lieu 2x par mois le vendredi à 14h30.</p>



<p>Il faut s&rsquo;inscrire en ligne comme n&rsquo;importe quel autre cours pour réserver sa séance <a href="https://backoffice.bsport.io/m/Kor%C4%93%20Studio%20/4176/calendar/?isPreview=true" target="_blank" rel="noreferrer noopener">ICI</a></p>



<p>Vous recevrez un lien zoom 15 min avant la séance. </p>



<p>Tarif: 10 euros</p>
</div>
</div>

<p>Les cours de pilates visio ont lieu 2x par mois le vendredi à 14h30. Il faut s&rsquo;inscrire en ligne comme n&rsquo;importe quel autre cours pour réserver sa séance ICI Vous recevrez un lien zoom 15 min avant la séance. Tarif: 10 euros</p>
