{"id":368,"date":"2021-12-01T15:10:33","date_gmt":"2021-12-01T14:10:33","guid":{"rendered":"https:\/\/korestudio.fr\/?page_id=368"},"modified":"2026-04-21T10:11:32","modified_gmt":"2026-04-21T08:11:32","slug":"voyage-corse-octobre-2024","status":"publish","type":"page","link":"https:\/\/korestudio.fr\/index.php\/voyage-corse-octobre-2024\/","title":{"rendered":"Voyage en CORSE &#8211; 20 au 26 Octobre 2024"},"content":{"rendered":"\n<div class=\"wp-block-group alignfull\"><div class=\"wp-block-group__inner-container is-layout-flow wp-block-group-is-layout-flow\">\n<div class=\"wp-block-jetpack-layout-grid alignfull column1-desktop-grid__span-12 column1-desktop-grid__row-1 column1-tablet-grid__span-8 column1-tablet-grid__row-1 column1-mobile-grid__span-4 column1-mobile-grid__row-1\">\n<div class=\"wp-block-jetpack-layout-grid-column wp-block-jetpack-layout-grid__padding-none\">\n<figure class=\"wp-block-image alignwide size-large\"><img loading=\"lazy\" decoding=\"async\" width=\"1024\" height=\"1024\" src=\"https:\/\/korestudio.fr\/wp-content\/uploads\/2026\/01\/Beige-Yoga-Retreat-Promotion-Animated-Instagram-Post-1024x1024.jpg\" alt=\"\" class=\"wp-image-3309\" srcset=\"https:\/\/korestudio.fr\/wp-content\/uploads\/2026\/01\/Beige-Yoga-Retreat-Promotion-Animated-Instagram-Post-1024x1024.jpg 1024w, https:\/\/korestudio.fr\/wp-content\/uploads\/2026\/01\/Beige-Yoga-Retreat-Promotion-Animated-Instagram-Post-300x300.jpg 300w, https:\/\/korestudio.fr\/wp-content\/uploads\/2026\/01\/Beige-Yoga-Retreat-Promotion-Animated-Instagram-Post-150x150.jpg 150w, https:\/\/korestudio.fr\/wp-content\/uploads\/2026\/01\/Beige-Yoga-Retreat-Promotion-Animated-Instagram-Post-768x768.jpg 768w, https:\/\/korestudio.fr\/wp-content\/uploads\/2026\/01\/Beige-Yoga-Retreat-Promotion-Animated-Instagram-Post.jpg 1080w\" sizes=\"(max-width: 1024px) 100vw, 1024px\" \/><\/figure>\n<\/div>\n<\/div>\n\n\n\n<hr class=\"wp-block-separator has-css-opacity\"\/>\n<\/div><\/div>\n\n\n\n<div class=\"wp-block-group alignfull\"><div class=\"wp-block-group__inner-container is-layout-flow wp-block-group-is-layout-flow\">\n<div class=\"wp-block-jetpack-send-a-message\">\n<div class=\"wp-block-jetpack-whatsapp-button is-color-dark\"><a class=\"whatsapp-block__button\" href=\"https:\/\/api.whatsapp.com\/send?phone=33757127363&amp;text=Bonjour%2C%20je%20souhaite%20en%20savoir%20plus%20sur%20le%20voyage%20en%20Corse.%20\" style=\"background-color:#25D366;color:#fff\" target=\"_blank\" rel=\"noopener noreferrer\">Nous contacter WhatsApp<\/a><\/div>\n<\/div>\n\n\n\n<div class=\"wp-block-jetpack-layout-grid column1-desktop-grid__span-12 column1-desktop-grid__row-1 column1-tablet-grid__span-8 column1-tablet-grid__row-1 column1-mobile-grid__span-4 column1-mobile-grid__row-1\">\n<div class=\"wp-block-jetpack-layout-grid-column wp-block-jetpack-layout-grid__padding-none\">\n<p class=\"has-text-align-center\" style=\"font-size:36px\"><strong>Voyage bien-\u00eatre <\/strong>\u00e0 Hossegor- Juin 2026<\/p>\n<\/div>\n<\/div>\n\n\n\n<p class=\"has-text-align-center\">Nous sommes ravis de vous inviter \u00e0 notre prochain week-end Pilates , une exp\u00e9rience inoubliable de bien-\u00eatre et de d\u00e9tente, du 12 au 14 juin dans une villa priv\u00e9e.<\/p>\n\n\n\n<p><strong>Du vendredi soir au dimanche apr\u00e8s-midi<\/strong><\/p>\n\n\n\n<p>!!!! <strong>IL RESTE 1 PLACE <\/strong> !!!!<\/p>\n\n\n\n<p>Offrez-vous une parenth\u00e8se enchant\u00e9e pour vous reconnecter \u00e0 votre corps, respirer, vous ressourcer&#8230; et vous faire chouchouter comme vous le m\u00e9ritez.<\/p>\n\n\n\n<figure class=\"wp-block-image size-full\"><img loading=\"lazy\" decoding=\"async\" width=\"1342\" height=\"1004\" src=\"https:\/\/korestudio.fr\/wp-content\/uploads\/2026\/01\/Capture-decran-2026-01-18-a-19.24.30.png\" alt=\"\" class=\"wp-image-3312\" srcset=\"https:\/\/korestudio.fr\/wp-content\/uploads\/2026\/01\/Capture-decran-2026-01-18-a-19.24.30.png 1342w, https:\/\/korestudio.fr\/wp-content\/uploads\/2026\/01\/Capture-decran-2026-01-18-a-19.24.30-300x224.png 300w, https:\/\/korestudio.fr\/wp-content\/uploads\/2026\/01\/Capture-decran-2026-01-18-a-19.24.30-1024x766.png 1024w, https:\/\/korestudio.fr\/wp-content\/uploads\/2026\/01\/Capture-decran-2026-01-18-a-19.24.30-768x575.png 768w\" sizes=\"(max-width: 1342px) 100vw, 1342px\" \/><\/figure>\n\n\n\n<h3 class=\"wp-block-heading has-text-align-center has-large-font-size\" id=\"995-tout-compris-personne-base-chambre-double\">LE LIEU : UNE VILLA D&rsquo;EXCEPTION<\/h3>\n\n\n\n<p>Une villa haut de gamme nich\u00e9e \u00e0 Hossegor, v\u00e9ritable havre de paix entour\u00e9 d&rsquo;arbres et berc\u00e9 par le chant des oiseaux. \u00c0 seulement 10 minutes de la plage, ce cocon offre tout ce dont vous r\u00eavez :<\/p>\n\n\n\n<p>\ud83c\udf0a Piscine chauff\u00e9e \u00e0 29\u00b0C \u2668\ufe0f Jacuzzi chauff\u00e9 au po\u00eale \u00e0 bois \ud83d\udcaa Salle de sport \u00e9quip\u00e9e \ud83c\udf33 Grand terrain pour se ressourcer en pleine nature<\/p>\n\n\n\n<hr class=\"wp-block-separator has-css-opacity\"\/>\n\n\n\n<div class=\"wp-block-jetpack-send-a-message\">\n<div class=\"wp-block-jetpack-whatsapp-button aligncenter is-color-dark\"><a class=\"whatsapp-block__button\" href=\"https:\/\/api.whatsapp.com\/send?phone=33757127363&amp;text=Bonjour%2C%20je%20souhaite%20en%20savoir%20plus%20sur%20le%20voyage%20en%20Corse.%20\" style=\"background-color:#25D366;color:#fff\" target=\"_self\" rel=\"noopener noreferrer\">Nous contacter WhatsApp<\/a><\/div>\n<\/div>\n\n\n\n<hr class=\"wp-block-separator has-css-opacity\"\/>\n\n\n\n<hr class=\"wp-block-separator has-alpha-channel-opacity\"\/>\n\n\n\n<p class=\"has-text-align-center has-large-font-size\"><strong>LE PROGRAMME : FASCIAS &amp; BIEN-\u00caTRE<\/strong><\/p>\n<\/div><\/div>\n\n\n\n<p><strong>3 instructrices et praticiennes d\u00e9di\u00e9es<\/strong> \u00e0 votre bien-\u00eatre pour un week-end 100% cocooning :<\/p>\n\n\n\n<p>\ud83c\udf00 <strong>Pilates Fascias<\/strong> &#8211; Lib\u00e9rez votre corps en profondeur \ud83e\uddd8 <strong>Pilates Stretch &amp; Mobilit\u00e9<\/strong> &#8211; Retrouvez amplitude et fluidit\u00e9 \ud83c\udf0a <strong>Munz Floor<\/strong> &#8211; Travail au sol sur les fascias en spirales \ud83d\udc86\u200d\u2640\ufe0f <strong>1 massage d&rsquo;1h des tissus<\/strong> inclus par personne<\/p>\n\n\n\n<figure class=\"wp-block-image size-full\"><img loading=\"lazy\" decoding=\"async\" width=\"1342\" height=\"1004\" src=\"https:\/\/korestudio.fr\/wp-content\/uploads\/2026\/01\/Capture-decran-2026-01-18-a-19.24.50.png\" alt=\"\" class=\"wp-image-3313\" srcset=\"https:\/\/korestudio.fr\/wp-content\/uploads\/2026\/01\/Capture-decran-2026-01-18-a-19.24.50.png 1342w, https:\/\/korestudio.fr\/wp-content\/uploads\/2026\/01\/Capture-decran-2026-01-18-a-19.24.50-300x224.png 300w, https:\/\/korestudio.fr\/wp-content\/uploads\/2026\/01\/Capture-decran-2026-01-18-a-19.24.50-1024x766.png 1024w, https:\/\/korestudio.fr\/wp-content\/uploads\/2026\/01\/Capture-decran-2026-01-18-a-19.24.50-768x575.png 768w\" sizes=\"(max-width: 1342px) 100vw, 1342px\" \/><\/figure>\n\n\n\n<h2 class=\"wp-block-heading has-large-font-size\"><strong><strong>LES REPAS : SAVEURS &amp; GOURMANDISE<\/strong><\/strong><\/h2>\n\n\n\n<p>Un <strong>chef traiteur<\/strong> prend soin de vous avec :<\/p>\n\n\n\n<p>\ud83e\udd50 <strong>2 brunchs<\/strong> gourmands et sains \ud83c\udf7d\ufe0f <strong>2 d\u00eeners<\/strong> pr\u00e9par\u00e9s avec amour<\/p>\n\n\n\n<p><strong>Infusions chaudes et froides<\/strong> \u00e0 disposition tout le week-end.<\/p>\n\n\n\n<figure class=\"wp-block-image size-large\"><img loading=\"lazy\" decoding=\"async\" width=\"1024\" height=\"766\" src=\"https:\/\/korestudio.fr\/wp-content\/uploads\/2026\/01\/Capture-decran-2026-01-18-a-19.25.27-1024x766.png\" alt=\"\" class=\"wp-image-3314\" srcset=\"https:\/\/korestudio.fr\/wp-content\/uploads\/2026\/01\/Capture-decran-2026-01-18-a-19.25.27-1024x766.png 1024w, https:\/\/korestudio.fr\/wp-content\/uploads\/2026\/01\/Capture-decran-2026-01-18-a-19.25.27-300x224.png 300w, https:\/\/korestudio.fr\/wp-content\/uploads\/2026\/01\/Capture-decran-2026-01-18-a-19.25.27-768x575.png 768w, https:\/\/korestudio.fr\/wp-content\/uploads\/2026\/01\/Capture-decran-2026-01-18-a-19.25.27.png 1342w\" sizes=\"(max-width: 1024px) 100vw, 1024px\" \/><\/figure>\n\n\n\n<h2 class=\"wp-block-heading has-large-font-size\">LE D\u00c9ROUL\u00c9<\/h2>\n\n\n\n<p><strong>VENDREDI<\/strong> Arriv\u00e9e en fin de journ\u00e9e \u00e0 votre convenance D\u00eener de bienvenue <\/p>\n\n\n\n<p><strong>SAMEDI<\/strong> Atelier sp\u00e9cial Fascias (matin) Brunch gourmand Munz Floor (apr\u00e8s-midi) Massages pour un premier groupe Temps libre : piscine, jacuzzi, lecture, sieste&#8230; D\u00eener convivial<\/p>\n\n\n\n<p><strong>DIMANCHE<\/strong> Atelier Pilates Stretch &amp; Mobilit\u00e9 (matin) Massages pour le second groupe Brunch D\u00e9part ressourc\u00e9\u00b7es et l\u00e9ger\u00b7es \ud83d\udcab<\/p>\n\n\n\n<figure class=\"wp-block-image size-large is-resized\"><img loading=\"lazy\" decoding=\"async\" width=\"1024\" height=\"766\" src=\"https:\/\/korestudio.fr\/wp-content\/uploads\/2026\/01\/Capture-decran-2026-01-18-a-19.25.50-1024x766.png\" alt=\"\" class=\"wp-image-3315\" style=\"width:780px;height:520px\" srcset=\"https:\/\/korestudio.fr\/wp-content\/uploads\/2026\/01\/Capture-decran-2026-01-18-a-19.25.50-1024x766.png 1024w, https:\/\/korestudio.fr\/wp-content\/uploads\/2026\/01\/Capture-decran-2026-01-18-a-19.25.50-300x224.png 300w, https:\/\/korestudio.fr\/wp-content\/uploads\/2026\/01\/Capture-decran-2026-01-18-a-19.25.50-768x575.png 768w, https:\/\/korestudio.fr\/wp-content\/uploads\/2026\/01\/Capture-decran-2026-01-18-a-19.25.50.png 1342w\" sizes=\"(max-width: 1024px) 100vw, 1024px\" \/><\/figure>\n\n\n\n<h2 class=\"wp-block-heading has-large-font-size\"><strong>L&rsquo;ESPRIT DE CE WEEK-END<\/strong><\/h2>\n\n\n\n<p>De la <strong>d\u00e9tente<\/strong>, du <strong>partage<\/strong>, du <strong>rire<\/strong>, de la <strong>bienveillance<\/strong>&#8230; et surtout, du temps pour vous. Un moment suspendu o\u00f9 vous n&rsquo;avez \u00e0 penser \u00e0 rien d&rsquo;autre qu&rsquo;\u00e0 prendre soin de vous.<\/p>\n\n\n\n<h2 class=\"wp-block-heading has-large-font-size\"><strong>TARIF<\/strong><\/h2>\n\n\n\n<p>Tarif : <strong>655\u20ac <\/strong>&#8211; possibilit\u00e9 de 3x sans frais.<\/p>\n\n\n\n<p>Base chambre double (lit double ou deux lits simples). Tout inclus except\u00e9 le transport.<\/p>\n\n\n\n<p>Les places pour cette retraite exclusive sont limit\u00e9es pour garantir une exp\u00e9rience personnalis\u00e9e et intime. R\u00e9servez d\u00e8s \u00e0 pr\u00e9sent. <\/p>\n\n\n\n<p><\/p>\n\n\n\n<div class=\"wp-block-jetpack-send-a-message\">\n<div class=\"wp-block-jetpack-whatsapp-button aligncenter is-color-dark\"><a class=\"whatsapp-block__button\" href=\"https:\/\/api.whatsapp.com\/send?phone=33757127363&amp;text=Bonjour%2C%20je%20souhaite%20en%20savoir%20plus%20sur%20le%20voyage%20en%20Corse.%20\" style=\"background-color:#25D366;color:#fff\" target=\"_blank\" rel=\"noopener noreferrer\">Nous contacter WhatsApp <\/a><\/div>\n<\/div>\n\n\n\n<div class=\"wp-block-buttons is-layout-flex wp-block-buttons-is-layout-flex\">\n<div class=\"wp-block-button\"><a class=\"wp-block-button__link wp-element-button\">email: contact@korestudio.fr<\/a><\/div>\n\n\n\n<div class=\"wp-block-button\"><a class=\"wp-block-button__link wp-element-button\">t\u00e9l: 0757127363 (julie)<\/a><\/div>\n<\/div>\n","protected":false},"excerpt":{"rendered":"<p>Voyage bien-\u00eatre \u00e0 Hossegor- Juin 2026 Nous sommes ravis de vous inviter \u00e0 notre prochain week-end Pilates , une exp\u00e9rience inoubliable de bien-\u00eatre et de d\u00e9tente, du 12 au 14 juin dans une villa priv\u00e9e. Du vendredi soir au dimanche apr\u00e8s-midi !!!! IL RESTE 1 PLACE !!!! Offrez-vous une parenth\u00e8se enchant\u00e9e pour vous reconnecter \u00e0 [&hellip;]<\/p>\n","protected":false},"author":1,"featured_media":0,"parent":0,"menu_order":0,"comment_status":"closed","ping_status":"closed","template":"","meta":{"saved_in_kubio":true,"footnotes":""},"class_list":["post-368","page","type-page","status-publish","hentry"],"kubio_ai_page_context":{"short_desc":"","purpose":"general"},"_links":{"self":[{"href":"https:\/\/korestudio.fr\/index.php\/wp-json\/wp\/v2\/pages\/368","targetHints":{"allow":["GET"]}}],"collection":[{"href":"https:\/\/korestudio.fr\/index.php\/wp-json\/wp\/v2\/pages"}],"about":[{"href":"https:\/\/korestudio.fr\/index.php\/wp-json\/wp\/v2\/types\/page"}],"author":[{"embeddable":true,"href":"https:\/\/korestudio.fr\/index.php\/wp-json\/wp\/v2\/users\/1"}],"replies":[{"embeddable":true,"href":"https:\/\/korestudio.fr\/index.php\/wp-json\/wp\/v2\/comments?post=368"}],"version-history":[{"count":11,"href":"https:\/\/korestudio.fr\/index.php\/wp-json\/wp\/v2\/pages\/368\/revisions"}],"predecessor-version":[{"id":3571,"href":"https:\/\/korestudio.fr\/index.php\/wp-json\/wp\/v2\/pages\/368\/revisions\/3571"}],"wp:attachment":[{"href":"https:\/\/korestudio.fr\/index.php\/wp-json\/wp\/v2\/media?parent=368"}],"curies":[{"name":"wp","href":"https:\/\/api.w.org\/{rel}","templated":true}]}}

<div class="wp-block-group alignfull"><div class="wp-block-group__inner-container is-layout-flow wp-block-group-is-layout-flow">
<div class="wp-block-jetpack-layout-grid alignfull column1-desktop-grid__span-12 column1-desktop-grid__row-1 column1-tablet-grid__span-8 column1-tablet-grid__row-1 column1-mobile-grid__span-4 column1-mobile-grid__row-1">
<div class="wp-block-jetpack-layout-grid-column wp-block-jetpack-layout-grid__padding-none">
<figure class="wp-block-image alignwide size-large"><img loading="lazy" decoding="async" width="1024" height="1024" src="https://korestudio.fr/wp-content/uploads/2026/01/Beige-Yoga-Retreat-Promotion-Animated-Instagram-Post-1024x1024.jpg" alt="" class="wp-image-3309" srcset="https://korestudio.fr/wp-content/uploads/2026/01/Beige-Yoga-Retreat-Promotion-Animated-Instagram-Post-1024x1024.jpg 1024w, https://korestudio.fr/wp-content/uploads/2026/01/Beige-Yoga-Retreat-Promotion-Animated-Instagram-Post-300x300.jpg 300w, https://korestudio.fr/wp-content/uploads/2026/01/Beige-Yoga-Retreat-Promotion-Animated-Instagram-Post-150x150.jpg 150w, https://korestudio.fr/wp-content/uploads/2026/01/Beige-Yoga-Retreat-Promotion-Animated-Instagram-Post-768x768.jpg 768w, https://korestudio.fr/wp-content/uploads/2026/01/Beige-Yoga-Retreat-Promotion-Animated-Instagram-Post.jpg 1080w" sizes="(max-width: 1024px) 100vw, 1024px" /></figure>
</div>
</div>



<hr class="wp-block-separator has-css-opacity"/>
</div></div>



<div class="wp-block-group alignfull"><div class="wp-block-group__inner-container is-layout-flow wp-block-group-is-layout-flow">
<div class="wp-block-jetpack-send-a-message">
<div class="wp-block-jetpack-whatsapp-button is-color-dark"><a class="whatsapp-block__button" href="https://api.whatsapp.com/send?phone=33757127363&amp;text=Bonjour%2C%20je%20souhaite%20en%20savoir%20plus%20sur%20le%20voyage%20en%20Corse.%20" style="background-color:#25D366;color:#fff" target="_blank" rel="noopener noreferrer">Nous contacter WhatsApp</a></div>
</div>



<div class="wp-block-jetpack-layout-grid column1-desktop-grid__span-12 column1-desktop-grid__row-1 column1-tablet-grid__span-8 column1-tablet-grid__row-1 column1-mobile-grid__span-4 column1-mobile-grid__row-1">
<div class="wp-block-jetpack-layout-grid-column wp-block-jetpack-layout-grid__padding-none">
<p class="has-text-align-center" style="font-size:36px"><strong>Voyage bien-être </strong>à Hossegor- Juin 2026</p>
</div>
</div>



<p class="has-text-align-center">Nous sommes ravis de vous inviter à notre prochain week-end Pilates , une expérience inoubliable de bien-être et de détente, du 12 au 14 juin dans une villa privée.</p>



<p><strong>Du vendredi soir au dimanche après-midi</strong></p>



<p>!!!! <strong>IL RESTE 1 PLACE </strong> !!!!</p>



<p>Offrez-vous une parenthèse enchantée pour vous reconnecter à votre corps, respirer, vous ressourcer&#8230; et vous faire chouchouter comme vous le méritez.</p>



<figure class="wp-block-image size-full"><img loading="lazy" decoding="async" width="1342" height="1004" src="https://korestudio.fr/wp-content/uploads/2026/01/Capture-decran-2026-01-18-a-19.24.30.png" alt="" class="wp-image-3312" srcset="https://korestudio.fr/wp-content/uploads/2026/01/Capture-decran-2026-01-18-a-19.24.30.png 1342w, https://korestudio.fr/wp-content/uploads/2026/01/Capture-decran-2026-01-18-a-19.24.30-300x224.png 300w, https://korestudio.fr/wp-content/uploads/2026/01/Capture-decran-2026-01-18-a-19.24.30-1024x766.png 1024w, https://korestudio.fr/wp-content/uploads/2026/01/Capture-decran-2026-01-18-a-19.24.30-768x575.png 768w" sizes="(max-width: 1342px) 100vw, 1342px" /></figure>



<h3 class="wp-block-heading has-text-align-center has-large-font-size" id="995-tout-compris-personne-base-chambre-double">LE LIEU : UNE VILLA D&rsquo;EXCEPTION</h3>



<p>Une villa haut de gamme nichée à Hossegor, véritable havre de paix entouré d&rsquo;arbres et bercé par le chant des oiseaux. À seulement 10 minutes de la plage, ce cocon offre tout ce dont vous rêvez :</p>



<p>🌊 Piscine chauffée à 29°C ♨️ Jacuzzi chauffé au poêle à bois 💪 Salle de sport équipée 🌳 Grand terrain pour se ressourcer en pleine nature</p>



<hr class="wp-block-separator has-css-opacity"/>



<div class="wp-block-jetpack-send-a-message">
<div class="wp-block-jetpack-whatsapp-button aligncenter is-color-dark"><a class="whatsapp-block__button" href="https://api.whatsapp.com/send?phone=33757127363&amp;text=Bonjour%2C%20je%20souhaite%20en%20savoir%20plus%20sur%20le%20voyage%20en%20Corse.%20" style="background-color:#25D366;color:#fff" target="_self" rel="noopener noreferrer">Nous contacter WhatsApp</a></div>
</div>



<hr class="wp-block-separator has-css-opacity"/>



<hr class="wp-block-separator has-alpha-channel-opacity"/>



<p class="has-text-align-center has-large-font-size"><strong>LE PROGRAMME : FASCIAS &amp; BIEN-ÊTRE</strong></p>
</div></div>



<p><strong>3 instructrices et praticiennes dédiées</strong> à votre bien-être pour un week-end 100% cocooning :</p>



<p>🌀 <strong>Pilates Fascias</strong> &#8211; Libérez votre corps en profondeur 🧘 <strong>Pilates Stretch &amp; Mobilité</strong> &#8211; Retrouvez amplitude et fluidité 🌊 <strong>Munz Floor</strong> &#8211; Travail au sol sur les fascias en spirales 💆‍♀️ <strong>1 massage d&rsquo;1h des tissus</strong> inclus par personne</p>



<figure class="wp-block-image size-full"><img loading="lazy" decoding="async" width="1342" height="1004" src="https://korestudio.fr/wp-content/uploads/2026/01/Capture-decran-2026-01-18-a-19.24.50.png" alt="" class="wp-image-3313" srcset="https://korestudio.fr/wp-content/uploads/2026/01/Capture-decran-2026-01-18-a-19.24.50.png 1342w, https://korestudio.fr/wp-content/uploads/2026/01/Capture-decran-2026-01-18-a-19.24.50-300x224.png 300w, https://korestudio.fr/wp-content/uploads/2026/01/Capture-decran-2026-01-18-a-19.24.50-1024x766.png 1024w, https://korestudio.fr/wp-content/uploads/2026/01/Capture-decran-2026-01-18-a-19.24.50-768x575.png 768w" sizes="(max-width: 1342px) 100vw, 1342px" /></figure>



<h2 class="wp-block-heading has-large-font-size"><strong><strong>LES REPAS : SAVEURS &amp; GOURMANDISE</strong></strong></h2>



<p>Un <strong>chef traiteur</strong> prend soin de vous avec :</p>



<p>🥐 <strong>2 brunchs</strong> gourmands et sains 🍽️ <strong>2 dîners</strong> préparés avec amour</p>



<p><strong>Infusions chaudes et froides</strong> à disposition tout le week-end.</p>



<figure class="wp-block-image size-large"><img loading="lazy" decoding="async" width="1024" height="766" src="https://korestudio.fr/wp-content/uploads/2026/01/Capture-decran-2026-01-18-a-19.25.27-1024x766.png" alt="" class="wp-image-3314" srcset="https://korestudio.fr/wp-content/uploads/2026/01/Capture-decran-2026-01-18-a-19.25.27-1024x766.png 1024w, https://korestudio.fr/wp-content/uploads/2026/01/Capture-decran-2026-01-18-a-19.25.27-300x224.png 300w, https://korestudio.fr/wp-content/uploads/2026/01/Capture-decran-2026-01-18-a-19.25.27-768x575.png 768w, https://korestudio.fr/wp-content/uploads/2026/01/Capture-decran-2026-01-18-a-19.25.27.png 1342w" sizes="(max-width: 1024px) 100vw, 1024px" /></figure>



<h2 class="wp-block-heading has-large-font-size">LE DÉROULÉ</h2>



<p><strong>VENDREDI</strong> Arrivée en fin de journée à votre convenance Dîner de bienvenue </p>



<p><strong>SAMEDI</strong> Atelier spécial Fascias (matin) Brunch gourmand Munz Floor (après-midi) Massages pour un premier groupe Temps libre : piscine, jacuzzi, lecture, sieste&#8230; Dîner convivial</p>



<p><strong>DIMANCHE</strong> Atelier Pilates Stretch &amp; Mobilité (matin) Massages pour le second groupe Brunch Départ ressourcé·es et léger·es 💫</p>



<figure class="wp-block-image size-large is-resized"><img loading="lazy" decoding="async" width="1024" height="766" src="https://korestudio.fr/wp-content/uploads/2026/01/Capture-decran-2026-01-18-a-19.25.50-1024x766.png" alt="" class="wp-image-3315" style="width:780px;height:520px" srcset="https://korestudio.fr/wp-content/uploads/2026/01/Capture-decran-2026-01-18-a-19.25.50-1024x766.png 1024w, https://korestudio.fr/wp-content/uploads/2026/01/Capture-decran-2026-01-18-a-19.25.50-300x224.png 300w, https://korestudio.fr/wp-content/uploads/2026/01/Capture-decran-2026-01-18-a-19.25.50-768x575.png 768w, https://korestudio.fr/wp-content/uploads/2026/01/Capture-decran-2026-01-18-a-19.25.50.png 1342w" sizes="(max-width: 1024px) 100vw, 1024px" /></figure>



<h2 class="wp-block-heading has-large-font-size"><strong>L&rsquo;ESPRIT DE CE WEEK-END</strong></h2>



<p>De la <strong>détente</strong>, du <strong>partage</strong>, du <strong>rire</strong>, de la <strong>bienveillance</strong>&#8230; et surtout, du temps pour vous. Un moment suspendu où vous n&rsquo;avez à penser à rien d&rsquo;autre qu&rsquo;à prendre soin de vous.</p>



<h2 class="wp-block-heading has-large-font-size"><strong>TARIF</strong></h2>



<p>Tarif : <strong>655€ </strong>&#8211; possibilité de 3x sans frais.</p>



<p>Base chambre double (lit double ou deux lits simples). Tout inclus excepté le transport.</p>



<p>Les places pour cette retraite exclusive sont limitées pour garantir une expérience personnalisée et intime. Réservez dès à présent. </p>



<p></p>



<div class="wp-block-jetpack-send-a-message">
<div class="wp-block-jetpack-whatsapp-button aligncenter is-color-dark"><a class="whatsapp-block__button" href="https://api.whatsapp.com/send?phone=33757127363&amp;text=Bonjour%2C%20je%20souhaite%20en%20savoir%20plus%20sur%20le%20voyage%20en%20Corse.%20" style="background-color:#25D366;color:#fff" target="_blank" rel="noopener noreferrer">Nous contacter WhatsApp </a></div>
</div>



<div class="wp-block-buttons is-layout-flex wp-block-buttons-is-layout-flex">
<div class="wp-block-button"><a class="wp-block-button__link wp-element-button">email: contact@korestudio.fr</a></div>



<div class="wp-block-button"><a class="wp-block-button__link wp-element-button">tél: 0757127363 (julie)</a></div>
</div>

<p>Voyage bien-être à Hossegor- Juin 2026 Nous sommes ravis de vous inviter à notre prochain week-end Pilates , une expérience inoubliable de bien-être et de détente, du 12 au 14 juin dans une villa privée. Du vendredi soir au dimanche après-midi !!!! IL RESTE 1 PLACE !!!! Offrez-vous une parenthèse enchantée pour vous reconnecter à [&hellip;]</p>
