{"id":513,"date":"2022-01-12T13:06:59","date_gmt":"2022-01-12T12:06:59","guid":{"rendered":"https:\/\/korestudio.fr\/?page_id=513"},"modified":"2025-07-09T23:31:24","modified_gmt":"2025-07-09T21:31:24","slug":"cours-prives-coaching","status":"publish","type":"page","link":"https:\/\/korestudio.fr\/index.php\/cours-prives-coaching\/","title":{"rendered":"Cours priv\u00e9s (coaching)"},"content":{"rendered":"\n<div class=\"wp-block-media-text alignwide has-media-on-the-right is-stacked-on-mobile\"><div class=\"wp-block-media-text__content\">\n<p class=\"has-large-font-size\">Les cours particuliers<\/p>\n\n\n\n<p>Kore Studio vous propose des cours particuliers en Pilates (avec ou sans machine). <\/p>\n\n\n\n<p>Une s\u00e9ance particuli\u00e8re vous permet d&rsquo;\u00eatre suivi tr\u00e8s efficacement par votre professeur, de progresser \u00e0 votre rythme et selon vos besoins pr\u00e9cis, d&rsquo;am\u00e9liorer une technique et de r\u00e9pondre \u00e0 une demande cibl\u00e9e de votre part. Que se soit parceque vous souhaitez un entrainement enti\u00e8rement personnalis\u00e9 ou parceque vous pr\u00e9f\u00e9rez le confort d&rsquo;un cours priv\u00e9, seul(e) ou en duo, prenez contact avec nous d\u00e8s aujourd&rsquo;hui pour r\u00e9server votre prochain rendez-vous coaching <strong>en cliquant sur le bouton ci-dessous<\/strong> <strong>ou en nous contactant par email (contact@korestudio.fr) ou t\u00e9l\u00e9phone au 0757127363.<\/strong><\/p>\n<\/div><figure class=\"wp-block-media-text__media\"><img loading=\"lazy\" decoding=\"async\" width=\"1024\" height=\"576\" src=\"https:\/\/korestudio.fr\/wp-content\/uploads\/2025\/07\/Photos-site-BSPORT-15-1024x576.png\" alt=\"\" class=\"wp-image-2571 size-full\" srcset=\"https:\/\/korestudio.fr\/wp-content\/uploads\/2025\/07\/Photos-site-BSPORT-15-1024x576.png 1024w, https:\/\/korestudio.fr\/wp-content\/uploads\/2025\/07\/Photos-site-BSPORT-15-300x169.png 300w, https:\/\/korestudio.fr\/wp-content\/uploads\/2025\/07\/Photos-site-BSPORT-15-768x432.png 768w, https:\/\/korestudio.fr\/wp-content\/uploads\/2025\/07\/Photos-site-BSPORT-15-1536x864.png 1536w, https:\/\/korestudio.fr\/wp-content\/uploads\/2025\/07\/Photos-site-BSPORT-15.png 1920w\" sizes=\"(max-width: 1024px) 100vw, 1024px\" \/><\/figure><\/div>\n\n\n\n<div class=\"wp-block-buttons is-layout-flex wp-block-buttons-is-layout-flex\">\n<div class=\"wp-block-button has-custom-width wp-block-button__width-100 is-style-fill\"><a class=\"wp-block-button__link wp-element-button\" href=\"https:\/\/backoffice.bsport.io\/m\/Kor\u0113%20Studio%20\/4176\/calendar\/?tabSelected=0\">Cliquez ci-dessous pour r\u00e9server votre s\u00e9ance priv\u00e9<\/a><\/div>\n<\/div>\n\n\n\n\n","protected":false},"excerpt":{"rendered":"<p>Les cours particuliers Kore Studio vous propose des cours particuliers en Pilates (avec ou sans machine). Une s\u00e9ance particuli\u00e8re vous permet d&rsquo;\u00eatre suivi tr\u00e8s efficacement par votre professeur, de progresser \u00e0 votre rythme et selon vos besoins pr\u00e9cis, d&rsquo;am\u00e9liorer une technique et de r\u00e9pondre \u00e0 une demande cibl\u00e9e de votre part. Que se soit parceque [&hellip;]<\/p>\n","protected":false},"author":1,"featured_media":0,"parent":0,"menu_order":0,"comment_status":"closed","ping_status":"closed","template":"","meta":{"saved_in_kubio":true,"footnotes":""},"class_list":["post-513","page","type-page","status-publish","hentry"],"kubio_ai_page_context":{"short_desc":"","purpose":"general"},"_links":{"self":[{"href":"https:\/\/korestudio.fr\/index.php\/wp-json\/wp\/v2\/pages\/513","targetHints":{"allow":["GET"]}}],"collection":[{"href":"https:\/\/korestudio.fr\/index.php\/wp-json\/wp\/v2\/pages"}],"about":[{"href":"https:\/\/korestudio.fr\/index.php\/wp-json\/wp\/v2\/types\/page"}],"author":[{"embeddable":true,"href":"https:\/\/korestudio.fr\/index.php\/wp-json\/wp\/v2\/users\/1"}],"replies":[{"embeddable":true,"href":"https:\/\/korestudio.fr\/index.php\/wp-json\/wp\/v2\/comments?post=513"}],"version-history":[{"count":41,"href":"https:\/\/korestudio.fr\/index.php\/wp-json\/wp\/v2\/pages\/513\/revisions"}],"predecessor-version":[{"id":2664,"href":"https:\/\/korestudio.fr\/index.php\/wp-json\/wp\/v2\/pages\/513\/revisions\/2664"}],"wp:attachment":[{"href":"https:\/\/korestudio.fr\/index.php\/wp-json\/wp\/v2\/media?parent=513"}],"curies":[{"name":"wp","href":"https:\/\/api.w.org\/{rel}","templated":true}]}}