{"id":8,"date":"2021-07-31T15:41:25","date_gmt":"2021-07-31T14:41:25","guid":{"rendered":"https:\/\/korestudiofr.wordpress.com\/?page_id=8"},"modified":"2024-06-03T11:50:02","modified_gmt":"2024-06-03T09:50:02","slug":"contact","status":"publish","type":"page","link":"https:\/\/korestudio.fr\/index.php\/contact\/","title":{"rendered":"Contactez-nous"},"content":{"rendered":"\n<p class=\"has-text-align-left\" style=\"font-style:normal;font-weight:300\"><strong>Besoin d&rsquo;un renseignement, d&rsquo;un horaire, d&rsquo;un tarif ? N&rsquo;h\u00e9sitez pas \u00e0 nous contacter.<\/strong><\/p>\n\n\n\n<p><a href=\"https:\/\/widget.fitogram.pro\/kore-studio\/?w=\/list-view\" target=\"_blank\" rel=\"noreferrer noopener\">Si vous souhaitez r\u00e9server un cours, cliquez-ici.<\/a><\/p>\n\n\n\n<p><a href=\"https:\/\/docs.google.com\/forms\/d\/e\/1FAIpQLSccSjGM7GkBJC__Ss2WQfQSfbPTPs1ZHiy7B5wf2Ust654wkw\/viewform\" target=\"_blank\" rel=\"noreferrer noopener\">Pour inscrire votre enfant \/ ado \u00e0 un cours de danse, cliquez-ici.<\/a><\/p>\n\n\n\n<h3 class=\"wp-block-heading\" id=\"location-de-salle\">Location de salle<\/h3>\n\n\n\n<p>Nous louons une grande salle (140m2) \u00e0 Mios (Bassin d&rsquo;Arcachon, Gironde) avec parquet en bois massif, chaleureuse et lumineuse, pour les r\u00e9p\u00e9titions de compagnies de danse ou de th\u00e9\u00e2tre, pour des ateliers (bien-\u00eatre, activit\u00e9s artistiques et culturelles) et des stages (danse, th\u00e9\u00e2tre, bien-\u00eatre, d\u00e9veloppement personnel). Pour conna\u00eetre nos tarifs de location et recevoir notre plaquette, contactez-nous par mail, t\u00e9l\u00e9phone ou en utilisant le formulaire ci-dessous (objet : location de salle).<\/p>\n\n\n\n<div style=\"height:32px\" aria-hidden=\"true\" class=\"wp-block-spacer desktop-only\"><\/div>\n\n\n\n<div class=\"wp-block-columns alignwide has-2-columns is-layout-flex wp-container-core-columns-is-layout-28f84493 wp-block-columns-is-layout-flex\">\n<div class=\"wp-block-column is-layout-flow wp-block-column-is-layout-flow\">\n<h2 class=\"wp-block-heading has-text-align-left\" id=\"nous-joindre\">Nous joindre<\/h2>\n\n\n\n<div itemprop=\"location\" itemscope itemtype=\"http:\/\/schema.org\/Organization\" class=\"wp-block-jetpack-contact-info\">\n<div class=\"wp-block-jetpack-email\"><a itemprop=\"email\" href=\"mailto:contact@korestudio.fr\">contact@korestudio.fr<\/a><\/div>\n\n\n\n<div class=\"wp-block-jetpack-phone\"><span class=\"phone-prefix\">t\u00e9l : <\/span><span itemprop=\"telephone\"><a href=\"tel:0757127363\">0757127363<\/a><\/span><\/div>\n<\/div>\n\n\n\n<ul class=\"wp-block-social-links is-layout-flex wp-block-social-links-is-layout-flex\"><li class=\"wp-social-link wp-social-link-facebook  wp-block-social-link\"><a href=\"https:\/\/www.facebook.com\/profile.php?id=100070118942599\" class=\"wp-block-social-link-anchor\"><svg width=\"24\" height=\"24\" viewBox=\"0 0 24 24\" version=\"1.1\" xmlns=\"http:\/\/www.w3.org\/2000\/svg\" aria-hidden=\"true\" focusable=\"false\"><path d=\"M12 2C6.5 2 2 6.5 2 12c0 5 3.7 9.1 8.4 9.9v-7H7.9V12h2.5V9.8c0-2.5 1.5-3.9 3.8-3.9 1.1 0 2.2.2 2.2.2v2.5h-1.3c-1.2 0-1.6.8-1.6 1.6V12h2.8l-.4 2.9h-2.3v7C18.3 21.1 22 17 22 12c0-5.5-4.5-10-10-10z\"><\/path><\/svg><span class=\"wp-block-social-link-label screen-reader-text\">page facebook Kore Studio<\/span><\/a><\/li><\/ul>\n\n\n\n<div class=\"wp-block-jetpack-send-a-message\">\n<div class=\"wp-block-jetpack-whatsapp-button is-color-dark\"><a class=\"whatsapp-block__button\" href=\"https:\/\/api.whatsapp.com\/send?phone=33757127363&amp;text=Bonjour%2C%20je%20souhaite%20avoir%20plus%20de%20renseignements%20sur%20Kore%20Studio%20Mios%20(pr%C3%A9cisez%20votre%20demande).\" style=\"background-color:#25D366;color:#fff\" target=\"_blank\" rel=\"noopener noreferrer\">Discuter sur WhatsApp<\/a><\/div>\n<\/div>\n<\/div>\n\n\n\n<div class=\"wp-block-column is-layout-flow wp-block-column-is-layout-flow\">\n<h2 class=\"wp-block-heading has-text-align-left\" id=\"envoyez-nous-un-message\">Envoyez-nous un message<\/h2>\n\n\n<div class=\"wp-block-jetpack-contact-form\"><a href=\"https:\/\/korestudio.fr\/index.php\/contact\/\" target=\"_blank\" rel=\"noopener noreferrer\">Soumettre un formulaire.<\/a><\/div><\/div>\n<\/div>\n\n\n\n<p><\/p>\n","protected":false},"excerpt":{"rendered":"<p>Besoin d&rsquo;un renseignement, d&rsquo;un horaire, d&rsquo;un tarif ? N&rsquo;h\u00e9sitez pas \u00e0 nous contacter. Si vous souhaitez r\u00e9server un cours, cliquez-ici. Pour inscrire votre enfant \/ ado \u00e0 un cours de danse, cliquez-ici. Location de salle Nous louons une grande salle (140m2) \u00e0 Mios (Bassin d&rsquo;Arcachon, Gironde) avec parquet en bois massif, chaleureuse et lumineuse, pour [&hellip;]<\/p>\n","protected":false},"author":1,"featured_media":0,"parent":0,"menu_order":0,"comment_status":"closed","ping_status":"closed","template":"","meta":{"saved_in_kubio":false,"footnotes":""},"class_list":["post-8","page","type-page","status-publish","hentry"],"kubio_ai_page_context":{"short_desc":"","purpose":"general"},"_links":{"self":[{"href":"https:\/\/korestudio.fr\/index.php\/wp-json\/wp\/v2\/pages\/8","targetHints":{"allow":["GET"]}}],"collection":[{"href":"https:\/\/korestudio.fr\/index.php\/wp-json\/wp\/v2\/pages"}],"about":[{"href":"https:\/\/korestudio.fr\/index.php\/wp-json\/wp\/v2\/types\/page"}],"author":[{"embeddable":true,"href":"https:\/\/korestudio.fr\/index.php\/wp-json\/wp\/v2\/users\/1"}],"replies":[{"embeddable":true,"href":"https:\/\/korestudio.fr\/index.php\/wp-json\/wp\/v2\/comments?post=8"}],"version-history":[{"count":3,"href":"https:\/\/korestudio.fr\/index.php\/wp-json\/wp\/v2\/pages\/8\/revisions"}],"predecessor-version":[{"id":1404,"href":"https:\/\/korestudio.fr\/index.php\/wp-json\/wp\/v2\/pages\/8\/revisions\/1404"}],"wp:attachment":[{"href":"https:\/\/korestudio.fr\/index.php\/wp-json\/wp\/v2\/media?parent=8"}],"curies":[{"name":"wp","href":"https:\/\/api.w.org\/{rel}","templated":true}]}}