{"id":9,"date":"2021-07-31T15:41:24","date_gmt":"2021-07-31T14:41:24","guid":{"rendered":"https:\/\/korestudiofr.wordpress.com\/?page_id=9"},"modified":"2021-07-31T15:41:24","modified_gmt":"2021-07-31T14:41:24","slug":"a-propos","status":"publish","type":"page","link":"https:\/\/korestudio.fr\/index.php\/a-propos\/","title":{"rendered":"\u00c0 propos"},"content":{"rendered":"\n<div style=\"height:20px\" aria-hidden=\"true\" class=\"wp-block-spacer\"><\/div>\n\n\n\n<div class=\"wp-block-group alignfull\"><div class=\"wp-block-group__inner-container is-layout-flow wp-block-group-is-layout-flow\">\n<div class=\"wp-block-jetpack-layout-grid alignfull column1-desktop-grid__span-3 column1-desktop-grid__start-2 column1-desktop-grid__row-1 column2-desktop-grid__span-6 column2-desktop-grid__start-6 column2-desktop-grid__row-1 column1-tablet-grid__span-3 column1-tablet-grid__row-1 column2-tablet-grid__span-5 column2-tablet-grid__start-4 column2-tablet-grid__row-1 column1-mobile-grid__span-4 column1-mobile-grid__row-1 column2-mobile-grid__span-4 column2-mobile-grid__row-2\">\n<div class=\"wp-block-jetpack-layout-grid-column wp-block-jetpack-layout-grid__padding-none\">\n<figure class=\"wp-block-image size-large is-style-circle-mask\"><img loading=\"lazy\" decoding=\"async\" width=\"500\" height=\"500\" src=\"https:\/\/korestudiofr.files.wordpress.com\/2021\/11\/logo-kore-studio-2.jpg?w=500\" alt=\"\" class=\"wp-image-282\" srcset=\"https:\/\/korestudio.fr\/wp-content\/uploads\/2021\/11\/logo-kore-studio-2.jpg 500w, https:\/\/korestudio.fr\/wp-content\/uploads\/2021\/11\/logo-kore-studio-2-300x300.jpg 300w, https:\/\/korestudio.fr\/wp-content\/uploads\/2021\/11\/logo-kore-studio-2-150x150.jpg 150w\" sizes=\"(max-width: 500px) 100vw, 500px\" \/><\/figure>\n<\/div>\n\n\n\n<div class=\"wp-block-jetpack-layout-grid-column wp-block-jetpack-layout-grid__padding-none\">\n<h2 class=\"wp-block-heading\" id=\"kore-studio-est-votre-centre-sport-et-sante-a-mios-en-gironde\">Kor\u0113 Studio est votre centre sport et sant\u00e9 \u00e0 Mios en Gironde.<\/h2>\n\n\n\n<p class=\"has-text-align-justify\">Le centre Kor\u0113 Studio, situ\u00e9 aux portes du Bassin d&rsquo;Arcachon \u00e0 Mios en Gironde, propose des cours collectifs de Pilates tous niveaux (avec et sans accessoires), des cours de danse pour enfants et adultes tous niveaux (classique, contemporain, barre classique, fitness ballet, \u00e9veil et initiation pour les jeunes enfants). C&rsquo;est \u00e9galement un espace de coaching pour des cours particuliers en solo ou en duo sur machines \u00ab\u00a0reformer\u00a0\u00bb (pour la pratique du Pilates). Enfin, Kor\u0113 Studio dans sa d\u00e9marche sport-sant\u00e9, accueil des professionnels de sant\u00e9 param\u00e9dicale dans des cabinets d\u00e9di\u00e9s et ind\u00e9pendants  (prise de rendez-vous possible sur doctolib) et propose des cours adapt\u00e9s \u00e0 un public sp\u00e9cifique (personnes ayant (eu) une pathologie ou un cancer). Nous proposons \u00e9galement des cours pr\u00e9 &amp; post natals.<\/p>\n<\/div>\n<\/div>\n<\/div><\/div>\n\n\n\n<div class=\"wp-block-group alignwide is-style-default\" style=\"padding-top:0px;padding-right:0px;padding-bottom:0px;padding-left:0px\"><div class=\"wp-block-group__inner-container is-layout-flow wp-block-group-is-layout-flow\">\n<div class=\"wp-block-columns alignwide is-layout-flex wp-container-core-columns-is-layout-28f84493 wp-block-columns-is-layout-flex\">\n<div class=\"wp-block-column is-layout-flow wp-block-column-is-layout-flow\" style=\"flex-basis:33.33%\">\n<h2 class=\"wp-block-heading has-huge-font-size\" id=\"nos-cours\" style=\"line-height:1.2\">Nos cours<\/h2>\n\n\n\n<p class=\"has-text-align-justify\" style=\"font-size:18px\">\u00c0 Kor\u0113 Studio vous pouvez prendre part \u00e0 des cours collectifs de Pilates (pilates au sol, pilates avec accessoires, pilates adapt\u00e9&#8230;), de Yoga, de danse classique, de danse moderne (jazz), de com\u00e9die musicale et de fitness ballet. Nous vous proposons \u00e9galement des cours priv\u00e9s dans la discipline de votre choix sur demande, et des cours priv\u00e9s solo ou en duo de machine reformer pilates.<\/p>\n<\/div>\n\n\n\n<div class=\"wp-block-column is-layout-flow wp-block-column-is-layout-flow\" style=\"flex-basis:66.66%\">\n<figure class=\"wp-block-image size-full\"><img loading=\"lazy\" decoding=\"async\" width=\"1880\" height=\"1253\" src=\"https:\/\/korestudiofr.files.wordpress.com\/2021\/07\/pexels-photo-7593196.jpeg\" alt=\"\" class=\"wp-image-395\" \/><\/figure>\n<\/div>\n<\/div>\n\n\n\n<div class=\"wp-block-columns alignwide is-layout-flex wp-container-core-columns-is-layout-28f84493 wp-block-columns-is-layout-flex\">\n<div class=\"wp-block-column is-layout-flow wp-block-column-is-layout-flow\" style=\"flex-basis:33.33%\">\n<h2 class=\"wp-block-heading has-huge-font-size\" id=\"espace-sante\" style=\"line-height:1.2\">Espace sant\u00e9<\/h2>\n\n\n\n<p class=\"has-text-align-justify\" style=\"font-size:18px\">Kor\u0113 Studio est un centre de sport &amp; sant\u00e9, proposant 4 cabinets ind\u00e9pendants de professionnels param\u00e9dicaux. Vous trouverez sur place un cabinet d&rsquo;ost\u00e9opathie, de kin\u00e9siologie, de naturopathie et une coach de vie. Les rendez-vous peuvent se prendre via doctolib (ost\u00e9opathe) ou directement aupr\u00e8s des cabinets (voir \u00ab\u00a0<a href=\"https:\/\/korestudio.fr\/a-propos\/espace-sante\/\">espace sant\u00e9<\/a>\u00ab\u00a0).<\/p>\n<\/div>\n\n\n\n<div class=\"wp-block-column is-layout-flow wp-block-column-is-layout-flow\" style=\"flex-basis:66.66%\">\n<figure class=\"wp-block-image size-full\"><img loading=\"lazy\" decoding=\"async\" width=\"1880\" height=\"1252\" src=\"https:\/\/korestudiofr.files.wordpress.com\/2021\/07\/pexels-photo-2821823.jpeg\" alt=\"\" class=\"wp-image-397\" \/><\/figure>\n<\/div>\n<\/div>\n<\/div><\/div>\n\n\n\n<div class=\"wp-block-group alignwide is-style-default\" style=\"padding-top:0px;padding-right:0px;padding-bottom:0px;padding-left:0px\"><div class=\"wp-block-group__inner-container is-layout-flow wp-block-group-is-layout-flow\">\n<div class=\"wp-block-columns alignwide is-layout-flex wp-container-core-columns-is-layout-28f84493 wp-block-columns-is-layout-flex\">\n<div class=\"wp-block-column is-layout-flow wp-block-column-is-layout-flow\" style=\"flex-basis:33.33%\">\n<h2 class=\"wp-block-heading has-huge-font-size\" id=\"nos-cours\" style=\"line-height:1.2\">Notre philosophie<\/h2>\n\n\n\n<p class=\"has-text-align-justify\" style=\"font-size:18px\">Kor\u0113 Studio est un lieu d\u00e9di\u00e9 au bien-\u00eatre par la pratique d&rsquo;une activit\u00e9 physique optimale, le Pilates, et une \u00e9cole de danse ouverte aux d\u00e9butant.e.s et aux passionn\u00e9.e.s. Nous avons \u00e0 coeur de vous accueillir dans un lieu agr\u00e9able, chaleureux, et de vous accompagner dans votre pratique sportive et vos objectifs de sant\u00e9. Vous r\u00e9server le meilleur des accueils et le meilleur accompagnement sont nos priorit\u00e9s.<\/p>\n<\/div>\n\n\n\n<div class=\"wp-block-column is-layout-flow wp-block-column-is-layout-flow\" style=\"flex-basis:66.66%\">\n<figure class=\"wp-block-image size-full\"><img loading=\"lazy\" decoding=\"async\" width=\"1880\" height=\"1253\" src=\"https:\/\/korestudiofr.files.wordpress.com\/2021\/07\/pexels-photo-6958760.jpeg\" alt=\"\" class=\"wp-image-272\" \/><\/figure>\n<\/div>\n<\/div>\n\n\n\n<div class=\"wp-block-columns alignwide is-layout-flex wp-container-core-columns-is-layout-28f84493 wp-block-columns-is-layout-flex\">\n<div class=\"wp-block-column is-layout-flow wp-block-column-is-layout-flow\" style=\"flex-basis:33.33%\">\n<h2 class=\"wp-block-heading has-huge-font-size\" id=\"espace-sante\" style=\"line-height:1.2\">Le lieu<\/h2>\n\n\n\n<p class=\"has-text-align-justify\" style=\"font-size:18px\">Kor\u0113 Studio se situe au 12 Avenue de la Lib\u00e9ration, \u00e0 Mios en Gironde. Pour nous trouver facilement, entrez directement l&rsquo;adresse sur votre GPS ou Google Maps. Nous vous accueillons dans un b\u00e2timent historique, enti\u00e8rement r\u00e9nov\u00e9, du centre de Mios. Aux portes du Bassin d&rsquo;Arcachon, \u00e0 30 minutes de Bordeaux, nous vous proposons un parking gratuit sur place. Le studio vous propose un cadre chaleureux, design, tout \u00e9quip\u00e9. Nous sommes \u00e0 10 minutes de Biganos, Salles et Le Teich, et \u00e0 moins de 20 minutes de Gujan-Mestras, La Teste-de-Buch, Audenge, Sanguinet, Marcheprime, Le Barp et Belin-Beliet.<\/p>\n<\/div>\n\n\n\n<div class=\"wp-block-column is-layout-flow wp-block-column-is-layout-flow\" style=\"flex-basis:66.66%\">\n<figure class=\"wp-block-image size-full\"><img loading=\"lazy\" decoding=\"async\" width=\"1880\" height=\"1253\" src=\"https:\/\/korestudiofr.files.wordpress.com\/2021\/07\/pexels-photo-5410138.jpeg\" alt=\"\" class=\"wp-image-274\" \/><\/figure>\n<\/div>\n<\/div>\n<\/div><\/div>\n\n\n\n<p><\/p>\n","protected":false},"excerpt":{"rendered":"<p>Kor\u0113 Studio est votre centre sport et sant\u00e9 \u00e0 Mios en Gironde. Le centre Kor\u0113 Studio, situ\u00e9 aux portes du Bassin d&rsquo;Arcachon \u00e0 Mios en Gironde, propose des cours collectifs de Pilates tous niveaux (avec et sans accessoires), des cours de danse pour enfants et adultes tous niveaux (classique, contemporain, barre classique, fitness ballet, \u00e9veil [&hellip;]<\/p>\n","protected":false},"author":1,"featured_media":0,"parent":0,"menu_order":0,"comment_status":"closed","ping_status":"closed","template":"","meta":{"saved_in_kubio":false,"footnotes":""},"class_list":["post-9","page","type-page","status-publish","hentry"],"kubio_ai_page_context":{"short_desc":"","purpose":"general"},"_links":{"self":[{"href":"https:\/\/korestudio.fr\/index.php\/wp-json\/wp\/v2\/pages\/9","targetHints":{"allow":["GET"]}}],"collection":[{"href":"https:\/\/korestudio.fr\/index.php\/wp-json\/wp\/v2\/pages"}],"about":[{"href":"https:\/\/korestudio.fr\/index.php\/wp-json\/wp\/v2\/types\/page"}],"author":[{"embeddable":true,"href":"https:\/\/korestudio.fr\/index.php\/wp-json\/wp\/v2\/users\/1"}],"replies":[{"embeddable":true,"href":"https:\/\/korestudio.fr\/index.php\/wp-json\/wp\/v2\/comments?post=9"}],"version-history":[{"count":0,"href":"https:\/\/korestudio.fr\/index.php\/wp-json\/wp\/v2\/pages\/9\/revisions"}],"wp:attachment":[{"href":"https:\/\/korestudio.fr\/index.php\/wp-json\/wp\/v2\/media?parent=9"}],"curies":[{"name":"wp","href":"https:\/\/api.w.org\/{rel}","templated":true}]}}

À propos

<div style="height:20px" aria-hidden="true" class="wp-block-spacer"></div>



<div class="wp-block-group alignfull"><div class="wp-block-group__inner-container is-layout-flow wp-block-group-is-layout-flow">
<div class="wp-block-jetpack-layout-grid alignfull column1-desktop-grid__span-3 column1-desktop-grid__start-2 column1-desktop-grid__row-1 column2-desktop-grid__span-6 column2-desktop-grid__start-6 column2-desktop-grid__row-1 column1-tablet-grid__span-3 column1-tablet-grid__row-1 column2-tablet-grid__span-5 column2-tablet-grid__start-4 column2-tablet-grid__row-1 column1-mobile-grid__span-4 column1-mobile-grid__row-1 column2-mobile-grid__span-4 column2-mobile-grid__row-2">
<div class="wp-block-jetpack-layout-grid-column wp-block-jetpack-layout-grid__padding-none">
<figure class="wp-block-image size-large is-style-circle-mask"><img loading="lazy" decoding="async" width="500" height="500" src="https://korestudiofr.files.wordpress.com/2021/11/logo-kore-studio-2.jpg?w=500" alt="" class="wp-image-282" srcset="https://korestudio.fr/wp-content/uploads/2021/11/logo-kore-studio-2.jpg 500w, https://korestudio.fr/wp-content/uploads/2021/11/logo-kore-studio-2-300x300.jpg 300w, https://korestudio.fr/wp-content/uploads/2021/11/logo-kore-studio-2-150x150.jpg 150w" sizes="(max-width: 500px) 100vw, 500px" /></figure>
</div>



<div class="wp-block-jetpack-layout-grid-column wp-block-jetpack-layout-grid__padding-none">
<h2 class="wp-block-heading" id="kore-studio-est-votre-centre-sport-et-sante-a-mios-en-gironde">Korē Studio est votre centre sport et santé à Mios en Gironde.</h2>



<p class="has-text-align-justify">Le centre Korē Studio, situé aux portes du Bassin d&rsquo;Arcachon à Mios en Gironde, propose des cours collectifs de Pilates tous niveaux (avec et sans accessoires), des cours de danse pour enfants et adultes tous niveaux (classique, contemporain, barre classique, fitness ballet, éveil et initiation pour les jeunes enfants). C&rsquo;est également un espace de coaching pour des cours particuliers en solo ou en duo sur machines « reformer » (pour la pratique du Pilates). Enfin, Korē Studio dans sa démarche sport-santé, accueil des professionnels de santé paramédicale dans des cabinets dédiés et indépendants  (prise de rendez-vous possible sur doctolib) et propose des cours adaptés à un public spécifique (personnes ayant (eu) une pathologie ou un cancer). Nous proposons également des cours pré &amp; post natals.</p>
</div>
</div>
</div></div>



<div class="wp-block-group alignwide is-style-default" style="padding-top:0px;padding-right:0px;padding-bottom:0px;padding-left:0px"><div class="wp-block-group__inner-container is-layout-flow wp-block-group-is-layout-flow">
<div class="wp-block-columns alignwide is-layout-flex wp-container-core-columns-is-layout-28f84493 wp-block-columns-is-layout-flex">
<div class="wp-block-column is-layout-flow wp-block-column-is-layout-flow" style="flex-basis:33.33%">
<h2 class="wp-block-heading has-huge-font-size" id="nos-cours" style="line-height:1.2">Nos cours</h2>



<p class="has-text-align-justify" style="font-size:18px">À Korē Studio vous pouvez prendre part à des cours collectifs de Pilates (pilates au sol, pilates avec accessoires, pilates adapté&#8230;), de Yoga, de danse classique, de danse moderne (jazz), de comédie musicale et de fitness ballet. Nous vous proposons également des cours privés dans la discipline de votre choix sur demande, et des cours privés solo ou en duo de machine reformer pilates.</p>
</div>



<div class="wp-block-column is-layout-flow wp-block-column-is-layout-flow" style="flex-basis:66.66%">
<figure class="wp-block-image size-full"><img loading="lazy" decoding="async" width="1880" height="1253" src="https://korestudiofr.files.wordpress.com/2021/07/pexels-photo-7593196.jpeg" alt="" class="wp-image-395" /></figure>
</div>
</div>



<div class="wp-block-columns alignwide is-layout-flex wp-container-core-columns-is-layout-28f84493 wp-block-columns-is-layout-flex">
<div class="wp-block-column is-layout-flow wp-block-column-is-layout-flow" style="flex-basis:33.33%">
<h2 class="wp-block-heading has-huge-font-size" id="espace-sante" style="line-height:1.2">Espace santé</h2>



<p class="has-text-align-justify" style="font-size:18px">Korē Studio est un centre de sport &amp; santé, proposant 4 cabinets indépendants de professionnels paramédicaux. Vous trouverez sur place un cabinet d&rsquo;ostéopathie, de kinésiologie, de naturopathie et une coach de vie. Les rendez-vous peuvent se prendre via doctolib (ostéopathe) ou directement auprès des cabinets (voir « <a href="https://korestudio.fr/a-propos/espace-sante/">espace santé</a>« ).</p>
</div>



<div class="wp-block-column is-layout-flow wp-block-column-is-layout-flow" style="flex-basis:66.66%">
<figure class="wp-block-image size-full"><img loading="lazy" decoding="async" width="1880" height="1252" src="https://korestudiofr.files.wordpress.com/2021/07/pexels-photo-2821823.jpeg" alt="" class="wp-image-397" /></figure>
</div>
</div>
</div></div>



<div class="wp-block-group alignwide is-style-default" style="padding-top:0px;padding-right:0px;padding-bottom:0px;padding-left:0px"><div class="wp-block-group__inner-container is-layout-flow wp-block-group-is-layout-flow">
<div class="wp-block-columns alignwide is-layout-flex wp-container-core-columns-is-layout-28f84493 wp-block-columns-is-layout-flex">
<div class="wp-block-column is-layout-flow wp-block-column-is-layout-flow" style="flex-basis:33.33%">
<h2 class="wp-block-heading has-huge-font-size" id="nos-cours" style="line-height:1.2">Notre philosophie</h2>



<p class="has-text-align-justify" style="font-size:18px">Korē Studio est un lieu dédié au bien-être par la pratique d&rsquo;une activité physique optimale, le Pilates, et une école de danse ouverte aux débutant.e.s et aux passionné.e.s. Nous avons à coeur de vous accueillir dans un lieu agréable, chaleureux, et de vous accompagner dans votre pratique sportive et vos objectifs de santé. Vous réserver le meilleur des accueils et le meilleur accompagnement sont nos priorités.</p>
</div>



<div class="wp-block-column is-layout-flow wp-block-column-is-layout-flow" style="flex-basis:66.66%">
<figure class="wp-block-image size-full"><img loading="lazy" decoding="async" width="1880" height="1253" src="https://korestudiofr.files.wordpress.com/2021/07/pexels-photo-6958760.jpeg" alt="" class="wp-image-272" /></figure>
</div>
</div>



<div class="wp-block-columns alignwide is-layout-flex wp-container-core-columns-is-layout-28f84493 wp-block-columns-is-layout-flex">
<div class="wp-block-column is-layout-flow wp-block-column-is-layout-flow" style="flex-basis:33.33%">
<h2 class="wp-block-heading has-huge-font-size" id="espace-sante" style="line-height:1.2">Le lieu</h2>



<p class="has-text-align-justify" style="font-size:18px">Korē Studio se situe au 12 Avenue de la Libération, à Mios en Gironde. Pour nous trouver facilement, entrez directement l&rsquo;adresse sur votre GPS ou Google Maps. Nous vous accueillons dans un bâtiment historique, entièrement rénové, du centre de Mios. Aux portes du Bassin d&rsquo;Arcachon, à 30 minutes de Bordeaux, nous vous proposons un parking gratuit sur place. Le studio vous propose un cadre chaleureux, design, tout équipé. Nous sommes à 10 minutes de Biganos, Salles et Le Teich, et à moins de 20 minutes de Gujan-Mestras, La Teste-de-Buch, Audenge, Sanguinet, Marcheprime, Le Barp et Belin-Beliet.</p>
</div>



<div class="wp-block-column is-layout-flow wp-block-column-is-layout-flow" style="flex-basis:66.66%">
<figure class="wp-block-image size-full"><img loading="lazy" decoding="async" width="1880" height="1253" src="https://korestudiofr.files.wordpress.com/2021/07/pexels-photo-5410138.jpeg" alt="" class="wp-image-274" /></figure>
</div>
</div>
</div></div>



<p></p>

<p>Korē Studio est votre centre sport et santé à Mios en Gironde. Le centre Korē Studio, situé aux portes du Bassin d&rsquo;Arcachon à Mios en Gironde, propose des cours collectifs de Pilates tous niveaux (avec et sans accessoires), des cours de danse pour enfants et adultes tous niveaux (classique, contemporain, barre classique, fitness ballet, éveil [&hellip;]</p>
